{"id":1882,"date":"2024-07-24T11:55:59","date_gmt":"2024-07-24T09:55:59","guid":{"rendered":"https:\/\/lasubterranea.es\/project\/federico-2019\/"},"modified":"2024-10-11T11:04:10","modified_gmt":"2024-10-11T09:04:10","slug":"federico-2019","status":"publish","type":"project","link":"https:\/\/lasubterranea.es\/val\/espectaculos-val\/federico-2019\/","title":{"rendered":"FEDERICO (2019)"},"content":{"rendered":"<p>Am <em>Federico<\/em>, finalistes a Millor obra de teatre per a xiquetes i xiquets, Premis de la Generalitat Valenciana 2019.<\/p>\n<p>Candidata a Premi Max en la categoria Autoria Revelaci\u00f3 2019.<\/p>\n<p>&nbsp;<\/p>\n<h2>FITXA ART\u00cdSTICA<\/h2>\n<p>&nbsp;<\/p>\n<h3 class=\"et_pb_toggle_title\">SINOPSI<\/h3>\n<div class=\"et_pb_toggle_content clearfix\">\n<p>Us convidem a un recorregut per l&#8217;imaginari, la poesia, els dibuixos i el teatre de Lorca.<br \/>\nQuan ix la Lluna i dorm el gall tot canvia.<br \/>\nUn viatge per cercar el iaio po\u00e8tic que tots podr\u00edem tindre.<br \/>\nQu\u00e8 passaria si et trobares amb la sabata d&#8217;un poeta desaparegut?<br \/>\nFederico Garc\u00eda Lorca, el poeta de tots els iaios i el iaio de tots els poetes.<br \/>\nUna obra per a nets sense iaios i iaios sense nets.<br \/>\nUn homenatge a la llibertat i a la poesia. <\/p>\n<\/div>\n<p>&nbsp;<\/p>\n<h3 class=\"et_pb_toggle_title\">DRAMAT\u00daRGIA<\/h3>\n<div class=\"et_pb_toggle_content clearfix\">\n<p>Ester Medrano i Luc\u00eda S\u00e1ez<\/p>\n<\/div>\n<p>&nbsp;<\/p>\n<h3 class=\"et_pb_toggle_title\">INTERPRETACI\u00d3<\/h3>\n<div class=\"et_pb_toggle_content clearfix\">\n<p>Pau Gregori, Ester Medrano i Luc\u00eda S\u00e1ez<\/p>\n<\/div>\n<p>&nbsp;<\/p>\n<h3 class=\"et_pb_toggle_title\">Assessoria dramat\u00fargica<\/h3>\n<div class=\"et_pb_toggle_content clearfix\">\n<p>Paco Zarzoso<\/p>\n<\/div>\n<p>&nbsp;<\/p>\n<h3 class=\"et_pb_toggle_title\">DIRECCI\u00d3<\/h3>\n<div class=\"et_pb_toggle_content clearfix\">\n<p>Paco Zarzoso<\/p>\n<\/div>\n<p>&nbsp;<\/p>\n<h3 class=\"et_pb_toggle_title\">Espacio esc\u00e8nic<\/h3>\n<div class=\"et_pb_toggle_content clearfix\">\n<p>Los Reyes del Mambo<\/p>\n<\/div>\n<p>&nbsp;<\/p>\n<h3 class=\"et_pb_toggle_title\">Disseny d&#8217;Il\u00b7luminaci\u00f3<\/h3>\n<div class=\"et_pb_toggle_content clearfix\">\n<p>Diego S\u00e1nchez<\/p>\n<\/div>\n<p>&nbsp;<\/p>\n<h3 class=\"et_pb_toggle_title\">Disseny de vestuari<\/h3>\n<div class=\"et_pb_toggle_content clearfix\">\n<p>Adame<\/p>\n<\/div>\n<p>&nbsp;<\/p>\n<h3 class=\"et_pb_toggle_title\">Ajudant de vestuari<\/h3>\n<div class=\"et_pb_toggle_content clearfix\">\n<p>Arantxa Carratal\u00e1 Barranco<\/p>\n<\/div>\n<p>&nbsp;<\/p>\n<h3 class=\"et_pb_toggle_title\">Realitzaci\u00f3 de vestuari<\/h3>\n<div class=\"et_pb_toggle_content clearfix\">\n<p>Pepe Arjona, Jos\u00e9 Juan del \u00c1rbol i Julia de la Paz<\/p>\n<\/div>\n<p>&nbsp;<\/p>\n<h3 class=\"et_pb_toggle_title\">M\u00fasica original<\/h3>\n<div class=\"et_pb_toggle_content clearfix\">\n<p>Luna y Panorama de los insectos<\/p>\n<\/div>\n<p>&nbsp;<\/p>\n<h3 class=\"et_pb_toggle_title\">Disseny cartell<\/h3>\n<div class=\"et_pb_toggle_content clearfix\">\n<p>Matilde Criado i Luc\u00eda S\u00e1ez<\/p>\n<\/div>\n<p>&nbsp;<\/p>\n<h3 class=\"et_pb_toggle_title\">PRODUCCI\u00d3<\/h3>\n<div class=\"et_pb_toggle_content clearfix\">\n<p>Luc\u00eda S\u00e1ez<\/p>\n<\/div>\n<p>&nbsp;<\/p>\n<h3 class=\"et_pb_toggle_title\">Assessorament ling\u00fc\u00edstic<\/h3>\n<div class=\"et_pb_toggle_content clearfix\">\n<p>Robert March<\/p>\n<\/div>\n<p>&nbsp;<\/p>\n<h3 class=\"et_pb_toggle_title\">FOTOGRAFIA<\/h3>\n<div class=\"et_pb_toggle_content clearfix\">\n<p>Jordi Pla<\/p>\n<\/div>\n<p>&nbsp;<\/p>\n<h3 class=\"et_pb_toggle_title\">VIDEO<\/h3>\n<div class=\"et_pb_toggle_content clearfix\">\n<p>Nacho Carrascosa<\/p>\n<\/div>\n<p>&nbsp;<\/p>\n<div class=\"et_pb_module et_pb_text et_pb_text_20 et_pb_text_align_justified et_pb_bg_layout_light\">\n<div class=\"et_pb_text_inner\">\n<p style=\"text-align: right;\"><em>Un espectacle on la fantasia lorquiana cobra vida a trav\u00e9s de la posada en escena, la poesia, els elements esc\u00e8nics i la m\u00fasica.<\/em><\/p>\n<div class=\"et_pb_module et_pb_text et_pb_text_23 et_pb_text_align_justified et_pb_bg_layout_light\">\n<div class=\"et_pb_text_inner\">\n<p style=\"text-align: right;\"><em>Volver a enamorarse de la poes\u00eda.<\/em><br \/>\n<em>Del tintineo de Federico<\/em><br \/>\n<em>De los mundos de Garc\u00eda<\/em><br \/>\n<em>De los rincones de Lorca<\/em><br \/>\n<em>De la mirada po\u00e9tica y alucinante de la Subterr\u00e1nea y de su equipo voraz.<\/em><br \/>\n<em>Perd\u00e9rselo es como perderse un anochecer con la luna\u00a0tan grande y tan cerca que puedes pasar andando sin\u00a0caerte.<\/em><\/p>\n<p style=\"text-align: right;\"><em><strong>Jacobo Pallares<\/strong><\/em><\/p>\n<\/div>\n<\/div>\n<p><iframe loading=\"lazy\" title=\"FEDERICO_TEASER\" src=\"https:\/\/player.vimeo.com\/video\/324139903?dnt=1&amp;app_id=122963\" width=\"768\" height=\"576\" frameborder=\"0\" allow=\"autoplay; fullscreen; picture-in-picture; clipboard-write\"><\/iframe><\/p>\n<\/div>\n<\/div>\n","protected":false},"excerpt":{"rendered":"<p>Am Federico, finalistes a Millor obra de teatre per a xiquetes i xiquets, Premis de la Generalitat Valenciana 2019. Candidata a Premi Max en la categoria Autoria Revelaci\u00f3 2019. &nbsp; FITXA ART\u00cdSTICA &nbsp; SINOPSI Us convidem a un recorregut per l&#8217;imaginari, la poesia, els dibuixos i el teatre de Lorca. Quan ix la Lluna i [&hellip;]<\/p>\n","protected":false},"author":1,"featured_media":1559,"comment_status":"closed","ping_status":"closed","template":"","meta":{"_acf_changed":false,"_et_pb_use_builder":"","_et_pb_old_content":"","_et_gb_content_width":"","footnotes":""},"project_category":[26],"project_tag":[],"class_list":["post-1882","project","type-project","status-publish","has-post-thumbnail","hentry","project_category-espectaculos-val"],"acf":[],"_links":{"self":[{"href":"https:\/\/lasubterranea.es\/val\/wp-json\/wp\/v2\/project\/1882","targetHints":{"allow":["GET"]}}],"collection":[{"href":"https:\/\/lasubterranea.es\/val\/wp-json\/wp\/v2\/project"}],"about":[{"href":"https:\/\/lasubterranea.es\/val\/wp-json\/wp\/v2\/types\/project"}],"author":[{"embeddable":true,"href":"https:\/\/lasubterranea.es\/val\/wp-json\/wp\/v2\/users\/1"}],"replies":[{"embeddable":true,"href":"https:\/\/lasubterranea.es\/val\/wp-json\/wp\/v2\/comments?post=1882"}],"version-history":[{"count":4,"href":"https:\/\/lasubterranea.es\/val\/wp-json\/wp\/v2\/project\/1882\/revisions"}],"predecessor-version":[{"id":1933,"href":"https:\/\/lasubterranea.es\/val\/wp-json\/wp\/v2\/project\/1882\/revisions\/1933"}],"wp:featuredmedia":[{"embeddable":true,"href":"https:\/\/lasubterranea.es\/val\/wp-json\/wp\/v2\/media\/1559"}],"wp:attachment":[{"href":"https:\/\/lasubterranea.es\/val\/wp-json\/wp\/v2\/media?parent=1882"}],"wp:term":[{"taxonomy":"project_category","embeddable":true,"href":"https:\/\/lasubterranea.es\/val\/wp-json\/wp\/v2\/project_category?post=1882"},{"taxonomy":"project_tag","embeddable":true,"href":"https:\/\/lasubterranea.es\/val\/wp-json\/wp\/v2\/project_tag?post=1882"}],"curies":[{"name":"wp","href":"https:\/\/api.w.org\/{rel}","templated":true}]}}

<p>Am <em>Federico</em>, finalistes a Millor obra de teatre per a xiquetes i xiquets, Premis de la Generalitat Valenciana 2019.</p>
<p>Candidata a Premi Max en la categoria Autoria Revelació 2019.</p>
<p>&nbsp;</p>
<h2>FITXA ARTÍSTICA</h2>
<p>&nbsp;</p>
<h3 class="et_pb_toggle_title">SINOPSI</h3>
<div class="et_pb_toggle_content clearfix">
<p>Us convidem a un recorregut per l&#8217;imaginari, la poesia, els dibuixos i el teatre de Lorca.<br />
Quan ix la Lluna i dorm el gall tot canvia.<br />
Un viatge per cercar el iaio poètic que tots podríem tindre.<br />
Què passaria si et trobares amb la sabata d&#8217;un poeta desaparegut?<br />
Federico García Lorca, el poeta de tots els iaios i el iaio de tots els poetes.<br />
Una obra per a nets sense iaios i iaios sense nets.<br />
Un homenatge a la llibertat i a la poesia. </p>
</div>
<p>&nbsp;</p>
<h3 class="et_pb_toggle_title">DRAMATÚRGIA</h3>
<div class="et_pb_toggle_content clearfix">
<p>Ester Medrano i Lucía Sáez</p>
</div>
<p>&nbsp;</p>
<h3 class="et_pb_toggle_title">INTERPRETACIÓ</h3>
<div class="et_pb_toggle_content clearfix">
<p>Pau Gregori, Ester Medrano i Lucía Sáez</p>
</div>
<p>&nbsp;</p>
<h3 class="et_pb_toggle_title">Assessoria dramatúrgica</h3>
<div class="et_pb_toggle_content clearfix">
<p>Paco Zarzoso</p>
</div>
<p>&nbsp;</p>
<h3 class="et_pb_toggle_title">DIRECCIÓ</h3>
<div class="et_pb_toggle_content clearfix">
<p>Paco Zarzoso</p>
</div>
<p>&nbsp;</p>
<h3 class="et_pb_toggle_title">Espacio escènic</h3>
<div class="et_pb_toggle_content clearfix">
<p>Los Reyes del Mambo</p>
</div>
<p>&nbsp;</p>
<h3 class="et_pb_toggle_title">Disseny d&#8217;Il·luminació</h3>
<div class="et_pb_toggle_content clearfix">
<p>Diego Sánchez</p>
</div>
<p>&nbsp;</p>
<h3 class="et_pb_toggle_title">Disseny de vestuari</h3>
<div class="et_pb_toggle_content clearfix">
<p>Adame</p>
</div>
<p>&nbsp;</p>
<h3 class="et_pb_toggle_title">Ajudant de vestuari</h3>
<div class="et_pb_toggle_content clearfix">
<p>Arantxa Carratalá Barranco</p>
</div>
<p>&nbsp;</p>
<h3 class="et_pb_toggle_title">Realització de vestuari</h3>
<div class="et_pb_toggle_content clearfix">
<p>Pepe Arjona, José Juan del Árbol i Julia de la Paz</p>
</div>
<p>&nbsp;</p>
<h3 class="et_pb_toggle_title">Música original</h3>
<div class="et_pb_toggle_content clearfix">
<p>Luna y Panorama de los insectos</p>
</div>
<p>&nbsp;</p>
<h3 class="et_pb_toggle_title">Disseny cartell</h3>
<div class="et_pb_toggle_content clearfix">
<p>Matilde Criado i Lucía Sáez</p>
</div>
<p>&nbsp;</p>
<h3 class="et_pb_toggle_title">PRODUCCIÓ</h3>
<div class="et_pb_toggle_content clearfix">
<p>Lucía Sáez</p>
</div>
<p>&nbsp;</p>
<h3 class="et_pb_toggle_title">Assessorament lingüístic</h3>
<div class="et_pb_toggle_content clearfix">
<p>Robert March</p>
</div>
<p>&nbsp;</p>
<h3 class="et_pb_toggle_title">FOTOGRAFIA</h3>
<div class="et_pb_toggle_content clearfix">
<p>Jordi Pla</p>
</div>
<p>&nbsp;</p>
<h3 class="et_pb_toggle_title">VIDEO</h3>
<div class="et_pb_toggle_content clearfix">
<p>Nacho Carrascosa</p>
</div>
<p>&nbsp;</p>
<div class="et_pb_module et_pb_text et_pb_text_20 et_pb_text_align_justified et_pb_bg_layout_light">
<div class="et_pb_text_inner">
<p style="text-align: right;"><em>Un espectacle on la fantasia lorquiana cobra vida a través de la posada en escena, la poesia, els elements escènics i la música.</em></p>
<div class="et_pb_module et_pb_text et_pb_text_23 et_pb_text_align_justified et_pb_bg_layout_light">
<div class="et_pb_text_inner">
<p style="text-align: right;"><em>Volver a enamorarse de la poesía.</em><br />
<em>Del tintineo de Federico</em><br />
<em>De los mundos de García</em><br />
<em>De los rincones de Lorca</em><br />
<em>De la mirada poética y alucinante de la Subterránea y de su equipo voraz.</em><br />
<em>Perdérselo es como perderse un anochecer con la luna tan grande y tan cerca que puedes pasar andando sin caerte.</em></p>
<p style="text-align: right;"><em><strong>Jacobo Pallares</strong></em></p>
</div>
</div>
<p><iframe loading="lazy" title="FEDERICO_TEASER" src="https://player.vimeo.com/video/324139903?dnt=1&amp;app_id=122963" width="768" height="576" frameborder="0" allow="autoplay; fullscreen; picture-in-picture; clipboard-write"></iframe></p>
</div>
</div>

<p>Am Federico, finalistes a Millor obra de teatre per a xiquetes i xiquets, Premis de la Generalitat Valenciana 2019. Candidata a Premi Max en la categoria Autoria Revelació 2019. &nbsp; FITXA ARTÍSTICA &nbsp; SINOPSI Us convidem a un recorregut per l&#8217;imaginari, la poesia, els dibuixos i el teatre de Lorca. Quan ix la Lluna i [&hellip;]</p>
