{"id":1969,"date":"2024-07-24T11:37:19","date_gmt":"2024-07-24T09:37:19","guid":{"rendered":"https:\/\/lasubterranea.es\/project\/persona-2023\/"},"modified":"2024-10-17T07:55:52","modified_gmt":"2024-10-17T05:55:52","slug":"persona","status":"publish","type":"project","link":"https:\/\/lasubterranea.es\/en\/escena-social-en\/persona\/","title":{"rendered":"PERSONA (2023)"},"content":{"rendered":"<p>Selected in the Art for Change Programme. La Caixa Foundation. P E R S O N A is the result of a six-month social project of theatrical research and collective artistic creation, which involved the participation of people from different entities and associations such as Fesord, Hogares compartidos, Valencia Acoge, Alanna and professionals in the performing arts, among others. A play made by people like you, that tells us the story of their loves, their scars, their desires, their fears and their struggles. A show born in an artistic residence at TAC in Catarroja,in Graneros de Creaci\u00f3n Program and promoted by with the support of Art for Change Program La Caixa Foundation.<br \/>\n&nbsp;<\/p>\n<h2>ARTITISTIC AND TECHNICAL SHEET<\/h2>\n<p>&nbsp;<\/p>\n<h3 class=\"et_pb_toggle_title\">Synopsis<\/h3>\n<div class=\"et_pb_toggle_content clearfix\">A group of individuals of the Human species, whose identity is unknown, share a building, neighbourhood and a street. Their only purpose is to meet each other, to stop being people, to have a name and a story to tell.<br \/>\nA vital journey through the common areas of a diverse neighbourhood. An ode to coexistence and difference. A game of childhood, where the winner is the one who cares.<\/div>\n<p>&nbsp;<\/p>\n<h3 class=\"et_pb_toggle_title\">Creation<\/h3>\n<div class=\"et_pb_toggle_content clearfix\">La Subterr\u00e1nea<\/div>\n<p>&nbsp;<\/p>\n<h3 class=\"et_pb_toggle_title\">Dramaturgy<\/h3>\n<div class=\"et_pb_toggle_content clearfix\">Ester Medrano y Lucia S\u00e1ez<\/div>\n<p>&nbsp;<\/p>\n<h3 class=\"et_pb_toggle_title\">Direction<\/h3>\n<div class=\"et_pb_toggle_content clearfix\">Luc\u00eda S\u00e1ez<\/div>\n<p>&nbsp;<\/p>\n<h3 class=\"et_pb_toggle_title\">Lighting<\/h3>\n<div class=\"et_pb_toggle_content clearfix\">Diego S\u00e1nchez<\/div>\n<p>&nbsp;<\/p>\n<h3 class=\"et_pb_toggle_title\">Sound<\/h3>\n<div class=\"et_pb_toggle_content clearfix\">Josep Ferrer<\/div>\n<p>&nbsp;<\/p>\n<h3 class=\"et_pb_toggle_title\">Stage space<\/h3>\n<div class=\"et_pb_toggle_content clearfix\">Los Reyes del Mambo<\/div>\n<p>&nbsp;<\/p>\n<h3 class=\"et_pb_toggle_title\">Machinery<\/h3>\n<div class=\"et_pb_toggle_content clearfix\">Yolanda Garcia<\/div>\n<p>&nbsp;<\/p>\n<h3 class=\"et_pb_toggle_title\">Rigger<\/h3>\n<div class=\"et_pb_toggle_content clearfix\">Ra\u00fal Garbayo<\/div>\n<p>&nbsp;<\/p>\n<h3 class=\"et_pb_toggle_title\">Music<\/h3>\n<div class=\"et_pb_toggle_content clearfix\">Marala y La mare<\/div>\n<p>&nbsp;<\/p>\n<h3 class=\"et_pb_toggle_title\">Production<\/h3>\n<div class=\"et_pb_toggle_content clearfix\">La Subterr\u00e1nea<\/div>\n<p>&nbsp;<\/p>\n<h3 class=\"et_pb_toggle_title\">Press<\/h3>\n<div class=\"et_pb_toggle_content clearfix\">Laura Bellver<\/div>\n<p>&nbsp;<\/p>\n<h3 class=\"et_pb_toggle_title\">Video<\/h3>\n<div class=\"et_pb_toggle_content clearfix\">Nacho Carrascosa<\/div>\n<p>&nbsp;<\/p>\n<h3 class=\"et_pb_toggle_title\">Distribution<\/h3>\n<div class=\"et_pb_toggle_content clearfix\">Xema Soriano<\/div>\n<p>&nbsp;<\/p>\n<h3 class=\"et_pb_toggle_title\">Technical architect<\/h3>\n<div class=\"et_pb_toggle_content clearfix\">Joan Mart\u00ednez Amenedo<\/div>\n<p>&nbsp;<\/p>\n<h3 class=\"et_pb_toggle_title\">Performers<\/h3>\n<div class=\"et_pb_toggle_content clearfix\">\n<p>Tato Aguilar Gimeno David Aix Bronchal Ana Lacruz Carmen Lahoz Marcos Mart\u00ednez Joana Martins Ester Medrano Julia Rodriguez Yamil\u00e9 Salcedo Ortu\u00f1o Carmensin Jos\u00e9 Manuel Soriano Moll\u00e1 Sam Ulises<\/p>\n<\/div>\n<p>&nbsp;<\/p>\n<p><iframe loading=\"lazy\" title=\"TEASER PERSONA\" src=\"https:\/\/player.vimeo.com\/video\/838604431?dnt=1&amp;app_id=122963\" width=\"1080\" height=\"608\" frameborder=\"0\" allow=\"autoplay; fullscreen; picture-in-picture; clipboard-write\"><\/iframe><\/p>\n","protected":false},"excerpt":{"rendered":"<p>Selected in the Art for Change Programme. La Caixa Foundation. P E R S O N A is the result of a six-month social project of theatrical research and collective artistic creation, which involved the participation of people from different entities and associations such as Fesord, Hogares compartidos, Valencia Acoge, Alanna and professionals in the [&hellip;]<\/p>\n","protected":false},"author":1,"featured_media":1566,"comment_status":"closed","ping_status":"closed","template":"","meta":{"_acf_changed":false,"_et_pb_use_builder":"off","_et_pb_old_content":"","_et_gb_content_width":"","footnotes":""},"project_category":[27],"project_tag":[],"class_list":["post-1969","project","type-project","status-publish","has-post-thumbnail","hentry","project_category-escena-social-en"],"acf":[],"_links":{"self":[{"href":"https:\/\/lasubterranea.es\/en\/wp-json\/wp\/v2\/project\/1969","targetHints":{"allow":["GET"]}}],"collection":[{"href":"https:\/\/lasubterranea.es\/en\/wp-json\/wp\/v2\/project"}],"about":[{"href":"https:\/\/lasubterranea.es\/en\/wp-json\/wp\/v2\/types\/project"}],"author":[{"embeddable":true,"href":"https:\/\/lasubterranea.es\/en\/wp-json\/wp\/v2\/users\/1"}],"replies":[{"embeddable":true,"href":"https:\/\/lasubterranea.es\/en\/wp-json\/wp\/v2\/comments?post=1969"}],"version-history":[{"count":5,"href":"https:\/\/lasubterranea.es\/en\/wp-json\/wp\/v2\/project\/1969\/revisions"}],"predecessor-version":[{"id":2171,"href":"https:\/\/lasubterranea.es\/en\/wp-json\/wp\/v2\/project\/1969\/revisions\/2171"}],"wp:featuredmedia":[{"embeddable":true,"href":"https:\/\/lasubterranea.es\/en\/wp-json\/wp\/v2\/media\/1566"}],"wp:attachment":[{"href":"https:\/\/lasubterranea.es\/en\/wp-json\/wp\/v2\/media?parent=1969"}],"wp:term":[{"taxonomy":"project_category","embeddable":true,"href":"https:\/\/lasubterranea.es\/en\/wp-json\/wp\/v2\/project_category?post=1969"},{"taxonomy":"project_tag","embeddable":true,"href":"https:\/\/lasubterranea.es\/en\/wp-json\/wp\/v2\/project_tag?post=1969"}],"curies":[{"name":"wp","href":"https:\/\/api.w.org\/{rel}","templated":true}]}}

<p>Selected in the Art for Change Programme. La Caixa Foundation. P E R S O N A is the result of a six-month social project of theatrical research and collective artistic creation, which involved the participation of people from different entities and associations such as Fesord, Hogares compartidos, Valencia Acoge, Alanna and professionals in the performing arts, among others. A play made by people like you, that tells us the story of their loves, their scars, their desires, their fears and their struggles. A show born in an artistic residence at TAC in Catarroja,in Graneros de Creación Program and promoted by with the support of Art for Change Program La Caixa Foundation.<br />
&nbsp;</p>
<h2>ARTITISTIC AND TECHNICAL SHEET</h2>
<p>&nbsp;</p>
<h3 class="et_pb_toggle_title">Synopsis</h3>
<div class="et_pb_toggle_content clearfix">A group of individuals of the Human species, whose identity is unknown, share a building, neighbourhood and a street. Their only purpose is to meet each other, to stop being people, to have a name and a story to tell.<br />
A vital journey through the common areas of a diverse neighbourhood. An ode to coexistence and difference. A game of childhood, where the winner is the one who cares.</div>
<p>&nbsp;</p>
<h3 class="et_pb_toggle_title">Creation</h3>
<div class="et_pb_toggle_content clearfix">La Subterránea</div>
<p>&nbsp;</p>
<h3 class="et_pb_toggle_title">Dramaturgy</h3>
<div class="et_pb_toggle_content clearfix">Ester Medrano y Lucia Sáez</div>
<p>&nbsp;</p>
<h3 class="et_pb_toggle_title">Direction</h3>
<div class="et_pb_toggle_content clearfix">Lucía Sáez</div>
<p>&nbsp;</p>
<h3 class="et_pb_toggle_title">Lighting</h3>
<div class="et_pb_toggle_content clearfix">Diego Sánchez</div>
<p>&nbsp;</p>
<h3 class="et_pb_toggle_title">Sound</h3>
<div class="et_pb_toggle_content clearfix">Josep Ferrer</div>
<p>&nbsp;</p>
<h3 class="et_pb_toggle_title">Stage space</h3>
<div class="et_pb_toggle_content clearfix">Los Reyes del Mambo</div>
<p>&nbsp;</p>
<h3 class="et_pb_toggle_title">Machinery</h3>
<div class="et_pb_toggle_content clearfix">Yolanda Garcia</div>
<p>&nbsp;</p>
<h3 class="et_pb_toggle_title">Rigger</h3>
<div class="et_pb_toggle_content clearfix">Raúl Garbayo</div>
<p>&nbsp;</p>
<h3 class="et_pb_toggle_title">Music</h3>
<div class="et_pb_toggle_content clearfix">Marala y La mare</div>
<p>&nbsp;</p>
<h3 class="et_pb_toggle_title">Production</h3>
<div class="et_pb_toggle_content clearfix">La Subterránea</div>
<p>&nbsp;</p>
<h3 class="et_pb_toggle_title">Press</h3>
<div class="et_pb_toggle_content clearfix">Laura Bellver</div>
<p>&nbsp;</p>
<h3 class="et_pb_toggle_title">Video</h3>
<div class="et_pb_toggle_content clearfix">Nacho Carrascosa</div>
<p>&nbsp;</p>
<h3 class="et_pb_toggle_title">Distribution</h3>
<div class="et_pb_toggle_content clearfix">Xema Soriano</div>
<p>&nbsp;</p>
<h3 class="et_pb_toggle_title">Technical architect</h3>
<div class="et_pb_toggle_content clearfix">Joan Martínez Amenedo</div>
<p>&nbsp;</p>
<h3 class="et_pb_toggle_title">Performers</h3>
<div class="et_pb_toggle_content clearfix">
<p>Tato Aguilar Gimeno David Aix Bronchal Ana Lacruz Carmen Lahoz Marcos Martínez Joana Martins Ester Medrano Julia Rodriguez Yamilé Salcedo Ortuño Carmensin José Manuel Soriano Mollá Sam Ulises</p>
</div>
<p>&nbsp;</p>
<p><iframe loading="lazy" title="TEASER PERSONA" src="https://player.vimeo.com/video/838604431?dnt=1&amp;app_id=122963" width="1080" height="608" frameborder="0" allow="autoplay; fullscreen; picture-in-picture; clipboard-write"></iframe></p>
