{"id":1942,"date":"2024-07-24T10:38:07","date_gmt":"2024-07-24T08:38:07","guid":{"rendered":"https:\/\/lasubterranea.es\/project\/ser-visibles-2016\/"},"modified":"2024-11-08T11:12:09","modified_gmt":"2024-11-08T10:12:09","slug":"ser-visibles","status":"publish","type":"project","link":"https:\/\/lasubterranea.es\/en\/escena-social-en\/ser-visibles\/","title":{"rendered":"SER VISIBLES (2018)"},"content":{"rendered":"<p>Ser visibles is a collective show, created in five days for the Festival 10 Sentidos, with a group of people from different collectives, including Valencia Acoge, Lambda, Once, and Alanna.<\/p>\n<p>A work that talks about the visibility of small things based on personal experiences and stories of each of the participants.<\/p>\n<h3 class=\"et_pb_toggle_title\">SYNOPSIS<\/h3>\n<div class=\"et_pb_toggle_content clearfix\">\n<p>Invisible, who cannot be seen.<\/p>\n<p>How much rejection is there in an invisible person? Is it possible to reject someone who does not exist? The story of all those who could, but finally cannot.<br \/>\nA collection of:<\/p>\n<p>Laughter from invisible voices, Letters of invisible hands Caresses of invisible bodies<\/p>\n<p>Dreams of invisible minds. Do you want to see it?<\/p>\n<\/div>\n<p>&nbsp;<\/p>\n<h2>ARTISTIC AND TECHNICAL SHEET<\/h2>\n<p>&nbsp;<\/p>\n<h3 class=\"et_pb_toggle_title\">Idea and direction<\/h3>\n<div class=\"et_pb_toggle_content clearfix\">\n<p>La Subterr\u00e1nea<\/p>\n<\/div>\n<p>&nbsp;<\/p>\n<h3 class=\"et_pb_toggle_title\">Dramaturgy<\/h3>\n<div class=\"et_pb_toggle_content clearfix\">\n<p>Luc\u00eda Abell\u00e1n, Ester Medrano i Luc\u00eda S\u00e1ez<\/p>\n<\/div>\n<p>&nbsp;<\/p>\n<h3 class=\"et_pb_toggle_title\">Interpretes<\/h3>\n<div class=\"et_pb_toggle_content clearfix\">\n<p>Modibo Coulibaly<br \/>\nMar\u00eda Covadonga<br \/>\nInma D\u00edaz Valero<br \/>\nCarmen Fern\u00e1ndez<br \/>\nEstela Ferrando<br \/>\nCarmen Asecas<br \/>\nAna Lacruz<br \/>\nFrancisco Manzano<br \/>\nSelvin Omar<br \/>\nMilagros Salas<\/p>\n<\/div>\n<p>&nbsp;<\/p>\n<p><iframe loading=\"lazy\" title=\"SER VISIBLES\" src=\"https:\/\/player.vimeo.com\/video\/270856283?dnt=1&amp;app_id=122963\" width=\"1080\" height=\"608\" frameborder=\"0\" allow=\"autoplay; fullscreen; picture-in-picture; clipboard-write\"><\/iframe><\/p>\n","protected":false},"excerpt":{"rendered":"<p>Ser visibles is a collective show, created in five days for the Festival 10 Sentidos, with a group of people from different collectives, including Valencia Acoge, Lambda, Once, and Alanna. A work that talks about the visibility of small things based on personal experiences and stories of each of the participants. SYNOPSIS Invisible, who cannot [&hellip;]<\/p>\n","protected":false},"author":1,"featured_media":1540,"comment_status":"closed","ping_status":"closed","template":"","meta":{"_acf_changed":false,"_et_pb_use_builder":"","_et_pb_old_content":"","_et_gb_content_width":"","footnotes":""},"project_category":[27],"project_tag":[],"class_list":["post-1942","project","type-project","status-publish","has-post-thumbnail","hentry","project_category-escena-social-en"],"acf":[],"_links":{"self":[{"href":"https:\/\/lasubterranea.es\/en\/wp-json\/wp\/v2\/project\/1942","targetHints":{"allow":["GET"]}}],"collection":[{"href":"https:\/\/lasubterranea.es\/en\/wp-json\/wp\/v2\/project"}],"about":[{"href":"https:\/\/lasubterranea.es\/en\/wp-json\/wp\/v2\/types\/project"}],"author":[{"embeddable":true,"href":"https:\/\/lasubterranea.es\/en\/wp-json\/wp\/v2\/users\/1"}],"replies":[{"embeddable":true,"href":"https:\/\/lasubterranea.es\/en\/wp-json\/wp\/v2\/comments?post=1942"}],"version-history":[{"count":4,"href":"https:\/\/lasubterranea.es\/en\/wp-json\/wp\/v2\/project\/1942\/revisions"}],"predecessor-version":[{"id":2219,"href":"https:\/\/lasubterranea.es\/en\/wp-json\/wp\/v2\/project\/1942\/revisions\/2219"}],"wp:featuredmedia":[{"embeddable":true,"href":"https:\/\/lasubterranea.es\/en\/wp-json\/wp\/v2\/media\/1540"}],"wp:attachment":[{"href":"https:\/\/lasubterranea.es\/en\/wp-json\/wp\/v2\/media?parent=1942"}],"wp:term":[{"taxonomy":"project_category","embeddable":true,"href":"https:\/\/lasubterranea.es\/en\/wp-json\/wp\/v2\/project_category?post=1942"},{"taxonomy":"project_tag","embeddable":true,"href":"https:\/\/lasubterranea.es\/en\/wp-json\/wp\/v2\/project_tag?post=1942"}],"curies":[{"name":"wp","href":"https:\/\/api.w.org\/{rel}","templated":true}]}}

<p>Ser visibles is a collective show, created in five days for the Festival 10 Sentidos, with a group of people from different collectives, including Valencia Acoge, Lambda, Once, and Alanna.</p>
<p>A work that talks about the visibility of small things based on personal experiences and stories of each of the participants.</p>
<h3 class="et_pb_toggle_title">SYNOPSIS</h3>
<div class="et_pb_toggle_content clearfix">
<p>Invisible, who cannot be seen.</p>
<p>How much rejection is there in an invisible person? Is it possible to reject someone who does not exist? The story of all those who could, but finally cannot.<br />
A collection of:</p>
<p>Laughter from invisible voices, Letters of invisible hands Caresses of invisible bodies</p>
<p>Dreams of invisible minds. Do you want to see it?</p>
</div>
<p>&nbsp;</p>
<h2>ARTISTIC AND TECHNICAL SHEET</h2>
<p>&nbsp;</p>
<h3 class="et_pb_toggle_title">Idea and direction</h3>
<div class="et_pb_toggle_content clearfix">
<p>La Subterránea</p>
</div>
<p>&nbsp;</p>
<h3 class="et_pb_toggle_title">Dramaturgy</h3>
<div class="et_pb_toggle_content clearfix">
<p>Lucía Abellán, Ester Medrano i Lucía Sáez</p>
</div>
<p>&nbsp;</p>
<h3 class="et_pb_toggle_title">Interpretes</h3>
<div class="et_pb_toggle_content clearfix">
<p>Modibo Coulibaly<br />
María Covadonga<br />
Inma Díaz Valero<br />
Carmen Fernández<br />
Estela Ferrando<br />
Carmen Asecas<br />
Ana Lacruz<br />
Francisco Manzano<br />
Selvin Omar<br />
Milagros Salas</p>
</div>
<p>&nbsp;</p>
<p><iframe loading="lazy" title="SER VISIBLES" src="https://player.vimeo.com/video/270856283?dnt=1&amp;app_id=122963" width="1080" height="608" frameborder="0" allow="autoplay; fullscreen; picture-in-picture; clipboard-write"></iframe></p>
